+ 4 - 1 = 0. Suppose q*z - 2*c = -5*c + 21, 4*c + 20 = 0. Calculate the remainder when 23 is divided by z.
11
Suppose -i + 3*i = -24. Let a be (-34)/(-8) + 3/i. Suppose 16 = -0*u + a*u + 5*d, -3*d = -u + 4. What is the remainder when u is divided by 2?
0
Suppose -68 = -3*c - c. What is the remainder when c is divided by 5?
2
Suppose -r = 3*r - 120. Let v = 7 - -19. Suppose -o = -v + 10. What is the remainder when r is divided by o?
14
Let l = -17 - -32. Let k(r) = 5*r**2 - r. What is the remainder when l is divided by k(1)?
3
Suppose 0 = o - n - 4*n + 24, 4 = -o + n. Let h = -1 - -2. What is the remainder when o is divided by h?
0
Let c(p) = p**2 - p - 2. Let l be c(2). Suppose l = -5*u + 3*u + 34. What is the remainder when 32 is divided by u?
15
Let d(s) = -5*s. What is the remainder when d(-7) is divided by 12?
11
Suppose m = -5*d + 212 + 40, 2*d - 2*m - 96 = 0. What is the remainder when d is divided by 18?
14
Suppose -30 = j + 4*j. Suppose 4*l = -17 + 85. Calculate the remainder when (-196)/j + (-2)/3 is divided by l.
15
Let x(b) = -6*b**3 + 2*b**2 + b. Calculate the remainder when x(-2) is divided by 19.
16
Let h = -16 + 24. Calculate the remainder when 3 is divided by 6/(-2) - (3 - h).
1
Let j(l) = 8*l + 3. Let z(u) = -4*u - 2. Let w(h) = -4*j(h) - 9*z(h). Calculate the remainder when 38 is divided by w(2).
10
Let b = -66 - -100. Calculate the remainder when b is divided by 9.
7
Let l = 21 + -6. Calculate the remainder when 55 is divided by l.
10
Suppose p - 26 = 4*k, -5*p = -2*p - k - 34. What is the remainder when (-4)/(-22) - 174/(-11) is divided by p?
6
What is the remainder when 45 is divided by 9*((-18)/21)/(9/(-14))?
9
Let h = 7 + 14. Let z be 183/h - (-2)/7. What is the remainder when (-16)/3*z/(-2) is divided by 9?
6
Let l = 18 - 13. Let t = 8 - l. What is the remainder when 3 is divided by 1*(3 - (t - 2))?
1
Suppose 2*f - 11 = -1. Suppose 0 = o - 3*u - 13 - 46, -f*o + 305 = -5*u. What is the remainder when o is divided by 2/(-7) - (-745)/35?
20
Suppose 0 = 2*z + z - 3*o - 21, 3*z + 4*o = -7. Suppose 6*d = z*d + 57. What is the remainder when d is divided by 7?
5
Let p(s) = s**3 - 11*s**2 + s + 10. Let n be p(11). Calculate the remainder when 47 is divided by 1/(-3) + 343/n.
15
Let k(y) = 3*y + 8 + 4*y - y**2 - 3. Let b be 1*(-6)/(1 + -2). Calculate the remainder when k(b) is divided by 6.
5
What is the remainder when 33 is divided by 2 + 5 - (9 + -8)?
3
Let z = 0 + 14. Let u = 15 - 11. Suppose f = -4*b - 0*f + 220, -u*f = 4*b - 220. Calculate the remainder when b is divided by z.
13
Let w = 152 - 106. Suppose -a = -3*l + 35, -4*a + 6*a - 62 = -5*l. What is the remainder when w is divided by l?
10
Let d = 61 + -37. Calculate the remainder when 47 is divided by d.
23
Suppose 20 = -5*v, v = -n - 0*v - 1. Suppose -c - n*c + 104 = 0. Let r = -3 - -12. What is the remainder when c is divided by r?
8
Suppose 2*m + 2 + 4 = 0, -2*n + 5*m + 73 = 0. Let u(b) = -b**2 + 10*b - 5. Calculate the remainder when n is divided by u(7).
13
Let w(b) = -3*b - 3. Let y be w(-2). Suppose 8*j = y*j + 10. What is the remainder when 4 is divided by j?
0
Let m(h) = 4*h**3 - 3*h**2 + 8*h - 5. What is the remainder when m(2) is divided by 16?
15
Let k(l) = l**3 + l**2 - 3*l + 2. What is the remainder when 29 is divided by k(2)?
5
Suppose -4*u - 4 = -20. Let l = 13 + -8. Suppose l*r = 4*j - 44, 2*j + 3*r - 25 + 3 = 0. Calculate the remainder when j is divided by u.
3
Let q(j) = 15*j**2 + j. Let u be q(-1). Suppose 3*x = 56 - u. Calculate the remainder when 26 is divided by x.
12
Let k = 1 - -20. Let l be (3 - 0) + -10 + 9. What is the remainder when k is divided by 264/8*l/6?
10
Let q be -6*6/(36/(-15)). Let u(n) = n - 2. Let v be u(2). Suppose -t - r + 46 = v, r = -4*r - q. What is the remainder when t is divided by 13?
10
Suppose 5*y + 6 + 0 = -d, 2 = -y. Calculate the remainder when 11 is divided by d.
3
Suppose 0 = -3*p - 12, -t - 16 = 5*p + 37. Let w = t - -83. Calculate the remainder when w is divided by 13.
11
Let f = -305 - -435. What is the remainder when f is divided by 33?
31
Let u(l) = -l**2 + 8*l + 14. Let a be u(12). Calculate the remainder when 49 is divided by (a/(-8))/((-4)/(-16)).
15
What is the remainder when 117 is divided by ((-30)/75)/((-1)/60)?
21
Suppose 87 = r + 65. Calculate the remainder when r is divided by 6.
4
Let y = 12 + -8. Let n = -4 + y. Suppose l - 56 = -n*l. Calculate the remainder when l is divided by 19.
18
Calculate the remainder when 53 is divided by -3 + (1 - (-19 + 3)).
11
Let b(g) = 9*g - 97. Let j = -27 + 84. Calculate the remainder when j is divided by b(13).
17
Suppose 0 = -5*x + y + 471, -x + 0*x - 2*y + 103 = 0. Let u = -125 - -157. Calculate the remainder when x is divided by u.
31
Let o(p) = -8*p**3 + p**2 - 1. Calculate the remainder when 47 is divided by o(-1).
7
Let p be -3 + (-9)/6*-10. Let s = p - -10. Calculate the remainder when 42 is divided by s.
20
Let z = -5 - -16. What is the remainder when 21 is divided by z?
10
Let a(g) = -g - 2. Let q be a(-3). Suppose 0 = -2*n + q + 23. What is the remainder when 21 is divided by n?
9
Suppose 3*q + 8*z - 4*z - 36 = 0, 0 = -3*q - 3*z + 39. Calculate the remainder when 46 is divided by q.
14
Suppose -125 = -4*n - n. Let i = -18 + n. Calculate the remainder when 27 is divided by i.
6
Suppose -5*q = -20, q - 10 = -3*l + 3*q. Let d = 53 + -31. Calculate the remainder when d is divided by l.
4
Let w = 108 + -105. Calculate the remainder when 6 is divided by w.
0
Suppose -85 = -4*l - s, l = -0*l - 5*s + 26. What is the remainder when 104 is divided by l?
20
Suppose -8*c + 11*c = 54. What is the remainder when 71 is divided by c?
17
What is the remainder when 58 is divided by (-11 - -6 - 0)/(1/(-4))?
18
Suppose p + 2*p + 519 = 4*w, 4*w = p + 509. Suppose -5*n + w = -9. Calculate the remainder when n is divided by 14.
13
Suppose -o - 10 = -s, 3*o + 2*o + 29 = 2*s. Let y = -4 + s. Calculate the remainder when y is divided by 2.
1
Let h = 462 - 326. Let m = -94 + h. Calculate the remainder when m is divided by 22.
20
Let h be (0 + -1 - -3) + 18. Suppose -2*c - 5*j = -h, c - j - 4*j - 10 = 0. Let t = 21 - c. Calculate the remainder when 32 is divided by t.
10
Let v(j) = j**3 - 6*j**2 + 3*j + 9. Let p(i) = -i**3 + 6*i**2 - 3*i - 8. Let k(q) = 6*p(q) + 5*v(q). Calculate the remainder when 20 is divided by k(5).
6
Calculate the remainder when 34/(1 - 3/(-3)) is divided by 9.
8
Let c = 2 - 8. Let q = c + 9. Suppose -3*z + 20 = z. What is the remainder when z is divided by q?
2
Let a(w) = w**2 - 7*w + 1. What is the remainder when a(10) is divided by 8?
7
Let i(o) = o**2 + 3*o + 2. Let y be i(-4). Suppose -f = 2*f - 48. What is the remainder when f is divided by 6*2 + y/(-2)?
7
Let f = 8 - -19. Let n = f + -14. Suppose 12 = 4*q - 20. What is the remainder when n is divided by q?
5
Let d = 29 - 18. Let m(b) be the second derivative of -5*b**3/6 + 7*b**2/2 - 3*b. What is the remainder when m(-5) is divided by d?
10
Let m(o) = 2*o**2 - 2*o + 3. Calculate the remainder when m(6) is divided by 22.
19
Suppose 14 = 7*p - 21. Let a be 3/(-6)*-34 + -2. Suppose -w - 4*w + a = 0. What is the remainder when p is divided by w?
2
Suppose 2*q + 643 = 5*r, -3*r - 5*q + 562 = 170. Calculate the remainder when r is divided by 44.
41
Let l(i) = 59*i + 10. Let j be l(5). Suppose -6*d + d + j = 0. Calculate the remainder when d is divided by 16.
13
Suppose -2*p + 3*x = -50, 2*p + 84 = 6*p + 2*x. Suppose a + t = 13, -2*t - 3*t + 5 = 0. What is the remainder when p is divided by a?
10
Let c = -102 + 125. Calculate the remainder when 206 is divided by c.
22
What is the remainder when (-7)/14 + 118/4 is divided by 15?
14
Suppose 2*h - 2*r + 0 = 16, 5*r = 4*h - 36. Suppose -h = -3*b + 5. What is the remainder when 38/5 + 2/5 is divided by b?
2
Suppose 3*j + 57 = 5*p + 6*j, 4*j + 29 = 5*p. Calculate the remainder when 33 is divided by p.
6
Let x = -1 + 22. Let b = 30 + -18. Calculate the remainder when x is divided by b.
9
Let i(o) = 7*o + 4. Let z be i(-5). Let c = z + 45. Calculate the remainder when 26 is divided by c.
12
Suppose -2*j = -3*j + 2. Let l be (-358)/(-6) - j/(-6). Suppose -2*b + 5*b = l. Calculate the remainder when b is divided by 11.
9
Let f = -81 - -91. Suppose -3*c + 12 + 6 = 